{"id":34,"date":"2023-05-23T13:56:11","date_gmt":"2023-05-23T19:56:11","guid":{"rendered":"https:\/\/www.mxceptec.com\/mxceptec\/?page_id=34"},"modified":"2024-04-05T09:48:51","modified_gmt":"2024-04-05T15:48:51","slug":"nuestros-servicios","status":"publish","type":"page","link":"https:\/\/www.mxceptec.com\/mxceptec\/nuestros-servicios\/","title":{"rendered":"Nuestros Servicios"},"content":{"rendered":"<div  data-label=\"Portfolio\" data-id=\"portfolio--2\" data-export-id=\"portfolio-3\" data-category=\"portfolio\" class=\"portfolio-3 content-section content-section-spacing\" id=\"portfolio-2\" style=\"background-color: rgb(245, 250, 253);\"><div  class=\"gridContainer\"> <div  class=\"row text-center\"><div  class=\"section-title-col\" data-type=\"column\">  <\/div> <\/div> <div  class=\"row spaced-cols space-bottom\" data-type=\"row\"> <div  class=\"col-xs-12 col-sm-4 text-center col-md-4 \"> <div  class=\"card no-padding bottom-border-color1 no-shadow\"> <div  data-hover-fx=\"portfolio-3\" class=\"contentswap-effect\"> <div  class=\"initial-image\"> <img  decoding=\"async\" data-size=\"500x333\" src=\"https:\/\/www.mxceptec.com\/mxceptec\/wp-content\/uploads\/2023\/08\/FOTOS-REDONDAS-SECCIONES_IMPL.jpg\"><\/div> <div  class=\"overlay bg-color6\"><\/div> <div  class=\"swap-inner col-xs-12\"> <div  class=\"row full-height-row middle-xs middle-sm\"> <div  class=\"col-xs-12 text-center content-holder\"> <a class=\"button color7\" href=\"https:\/\/www.mxceptec.com\/mxceptec\/implementaciones-tecnologicas\" target=\"_self\" data-cp-link=\"1\" data-icon=\"fa-search\" rel=\"noopener\">SABER M\u00c1S<\/a><\/div> <\/div><\/div> <\/div> <div  class=\"space-bottom space-top col-xs-12\" data-type=\"column\"> <h4  class=\"\"><span  style=\"font-family: &quot;Open Sans&quot;, arial, helvetica, sans-serif; color: rgb(24, 180, 143);\"><span  style=\"font-weight: 600;\">Implementaciones<\/span> <span  style=\"font-family: &quot;Playfair Display&quot;, arial, helvetica, sans-serif; font-weight: 700;\">Tecnol\u00f3gicas<\/span><\/span><\/h4> <\/div> <\/div><\/div> <div  class=\"col-xs-12 col-sm-4 text-center col-md-4 \"><div  class=\"card no-padding bottom-border-color1 no-shadow\"> <div  data-hover-fx=\"portfolio-3\" class=\"contentswap-effect\"><div  class=\"initial-image\"> <img  decoding=\"async\" data-size=\"500x333\" src=\"https:\/\/www.mxceptec.com\/mxceptec\/wp-content\/uploads\/2023\/08\/FOTOS-REDONDAS-SECCIONES_MESA.jpg\"><\/div> <div  class=\"overlay bg-color6\"><\/div> <div  class=\"swap-inner col-xs-12\"> <div  class=\"row full-height-row middle-xs middle-sm\"> <div  class=\"col-xs-12 text-center content-holder\"> <a class=\"button color7\" href=\"https:\/\/www.mxceptec.com\/mxceptec\/mesa-de-soporte\" target=\"_self\" data-cp-link=\"1\" data-icon=\"\" rel=\"noopener\">SABER M\u00c1S<\/a><\/div> <\/div><\/div> <\/div> <div  class=\"space-bottom space-top col-xs-12\" data-type=\"column\"> <h4  class=\"\"><span  style=\"font-family: &quot;Open Sans&quot;, arial, helvetica, sans-serif; font-weight: 600; color: rgb(24, 180, 143);\">Mesa <span  style=\"font-family: &quot;Playfair Display&quot;, arial, helvetica, sans-serif; font-weight: 700;\">de Soporte<\/span><\/span><\/h4> <\/div> <\/div><\/div> <div  class=\"col-xs-12 col-sm-4 text-center col-md-4 \"><div  class=\"card no-padding bottom-border-color1 no-shadow\"> <div  data-hover-fx=\"portfolio-3\" class=\"contentswap-effect\"><div  class=\"initial-image\"> <img  decoding=\"async\" data-size=\"500x333\" src=\"https:\/\/www.mxceptec.com\/mxceptec\/wp-content\/uploads\/2023\/08\/FOTOS-REDONDAS-SECCIONES_FSW.jpg\"><\/div> <div  class=\"overlay bg-color6\"><\/div> <div  class=\"swap-inner col-xs-12\"> <div  class=\"row full-height-row middle-xs middle-sm\"> <div  class=\"col-xs-12 text-center content-holder\"> <a class=\"button color7\" href=\"https:\/\/www.mxceptec.com\/mxceptec\/fabrica-de-software\" target=\"_self\" data-cp-link=\"1\" data-icon=\"\" rel=\"noopener\">SABER M\u00c1S<\/a><\/div> <\/div><\/div> <\/div> <div  class=\"space-bottom space-top col-xs-12\" data-type=\"column\"> <h4  class=\"\"><span  style=\"font-family: &quot;Open Sans&quot;, arial, helvetica, sans-serif; color: rgb(24, 180, 143);\">F\u00e1brica <span  style=\"font-family: &quot;Playfair Display&quot;, arial, helvetica, sans-serif; font-weight: 700;\">de Software<\/span><\/span><span  id=\"_mce_caret\" data-mce-bogus=\"1\" data-mce-type=\"format-caret\"><span  style=\"font-weight: 700;\">\ufeff<\/span><\/span><\/h4> <\/div> <\/div><\/div> <div  class=\"col-xs-12 col-sm-4 text-center col-md-4\"> <div  class=\"card no-padding bottom-border-color1 no-shadow\"> <div  data-hover-fx=\"portfolio-3\" class=\"contentswap-effect\"> <div  class=\"initial-image\"> <img  decoding=\"async\" data-size=\"500x333\" src=\"https:\/\/www.mxceptec.com\/mxceptec\/wp-content\/uploads\/2023\/08\/FOTOS-REDONDAS-SECCIONES_ON-DEMAND-1.jpg\"><\/div> <div  class=\"overlay bg-color6\"><\/div> <div  class=\"swap-inner col-xs-12\"> <div  class=\"row full-height-row middle-xs middle-sm\"> <div  class=\"col-xs-12 text-center content-holder\"> <a class=\"button color7\" href=\"https:\/\/www.mxceptec.com\/mxceptec\/servicios-ondemand\" target=\"_self\" data-cp-link=\"1\" data-icon=\"fa-search\" rel=\"noopener\">SABER M\u00c1S<\/a><\/div> <\/div><\/div> <\/div> <div  class=\"space-bottom space-top col-xs-12\" data-type=\"column\"> <h4  class=\"\"><span  style=\"font-family: &quot;Open Sans&quot;, arial, helvetica, sans-serif; color: rgb(24, 180, 143);\"><span  style=\"font-weight: 600;\">Servicios<\/span> <span  style=\"font-family: &quot;Playfair Display&quot;, arial, helvetica, sans-serif; font-weight: 700;\">On Demand<\/span><\/span><\/h4> <\/div> <\/div><\/div><\/div> <div  class=\"row\"> <div  data-type=\"column\" class=\"col-xs-12 text-center\"> <\/div> <\/div><\/div> <\/div>","protected":false},"excerpt":{"rendered":"<p>SABER M\u00c1S Implementaciones Tecnol\u00f3gicas SABER M\u00c1S Mesa de Soporte SABER M\u00c1S F\u00e1brica de Software\ufeff SABER M\u00c1S Servicios On Demand<\/p>\n","protected":false},"author":1,"featured_media":0,"parent":0,"menu_order":0,"comment_status":"closed","ping_status":"closed","template":"pro\/page-templates\/full-width-page.php","meta":{"_joinchat":[],"footnotes":""},"class_list":["post-34","page","type-page","status-publish","hentry"],"_links":{"self":[{"href":"https:\/\/www.mxceptec.com\/mxceptec\/wp-json\/wp\/v2\/pages\/34","targetHints":{"allow":["GET"]}}],"collection":[{"href":"https:\/\/www.mxceptec.com\/mxceptec\/wp-json\/wp\/v2\/pages"}],"about":[{"href":"https:\/\/www.mxceptec.com\/mxceptec\/wp-json\/wp\/v2\/types\/page"}],"author":[{"embeddable":true,"href":"https:\/\/www.mxceptec.com\/mxceptec\/wp-json\/wp\/v2\/users\/1"}],"replies":[{"embeddable":true,"href":"https:\/\/www.mxceptec.com\/mxceptec\/wp-json\/wp\/v2\/comments?post=34"}],"version-history":[{"count":12,"href":"https:\/\/www.mxceptec.com\/mxceptec\/wp-json\/wp\/v2\/pages\/34\/revisions"}],"predecessor-version":[{"id":851,"href":"https:\/\/www.mxceptec.com\/mxceptec\/wp-json\/wp\/v2\/pages\/34\/revisions\/851"}],"wp:attachment":[{"href":"https:\/\/www.mxceptec.com\/mxceptec\/wp-json\/wp\/v2\/media?parent=34"}],"curies":[{"name":"wp","href":"https:\/\/api.w.org\/{rel}","templated":true}]}}