{"id":30,"date":"2023-05-23T13:55:32","date_gmt":"2023-05-23T19:55:32","guid":{"rendered":"https:\/\/www.mxceptec.com\/mxceptec\/?page_id=30"},"modified":"2024-04-05T09:45:25","modified_gmt":"2024-04-05T15:45:25","slug":"implementaciones-tecnologicas","status":"publish","type":"page","link":"https:\/\/www.mxceptec.com\/mxceptec\/implementaciones-tecnologicas\/","title":{"rendered":"Implementaciones Tecnol\u00f3gicas"},"content":{"rendered":"<div  data-label=\"About\" data-id=\"about--1\" data-export-id=\"about-9\" data-category=\"about\" class=\"about-9 content-section content-section-spacing content-relative\" id=\"about-1\" style=\"background-color: rgb(2, 52, 69); background-image: none;\"><div  class=\"section-separator-top\">\n    <svg  xmlns=\"http:\/\/www.w3.org\/2000\/svg\" viewBox=\"0 0 1000 100\" preserveAspectRatio=\"none\" data-separator-name=\"tilt\" class=\"section-separator-top\">\n\t<path  class=\"svg-white-bg\" d=\"M-0 0L1000 0 1000 100z\"><\/path>\n<\/svg>\n<\/div><div  class=\"gridContainer\"> <div  class=\"row middle-sm text-center\"><div  class=\"col-sm-5 space-bottom-xs content-column content-left-sm\" data-type=\"column\">   <p  class=\"\"><span  style=\"color: rgb(255, 255, 255); font-weight: 300;\">Asegura el <span  style=\"font-family: &quot;Playfair Display&quot;, arial, helvetica, sans-serif; font-weight: 700;\">\u00e9xito<\/span> de tu proyecto con nuestras implementaciones tecnol\u00f3gicas con certificaci\u00f3n<span  style=\"font-family: &quot;Playfair Display&quot;, arial, helvetica, sans-serif; font-weight: 700;\"> Oracle Partner.\n<\/span><\/span><br ><br ><span  style=\"color: rgb(255, 255, 255); font-weight: 300;\">Nuestro equipo de<span  style=\"font-family: &quot;Playfair Display&quot;, arial, helvetica, sans-serif; font-weight: 700;\"> expertos<\/span> est\u00e1 a tu disposici\u00f3n para <span  style=\"font-family: &quot;Playfair Display&quot;, arial, helvetica, sans-serif; font-weight: 700;\">mejorar tus procesos<\/span> y llevar a tu empresa al <span  style=\"font-family: &quot;Playfair Display&quot;, arial, helvetica, sans-serif; font-weight: 700;\">siguiente nivel.<\/span><\/span><\/p> <a class=\"button color7\" href=\"http:\/\/wa.me\/5215510539660\" target=\"_self\" data-cp-link=\"1\" data-icon=\"\" rel=\"noopener\">CONTACTA A UN AGENTE<\/a><\/div> <div  class=\"col-sm-7 flexbox flexbox middle-xs center-xs space-bottom-xs\"><div  class=\"overlay-box flexbox middle-xs center-xs overlay-holder \"> <div  class=\"overlay-box-offset shadow-medium bg-color2 hide-xs offset-background\"><\/div> <img  decoding=\"async\" class=\"flexbox shadow-large img1\" src=\"https:\/\/www.mxceptec.com\/mxceptec\/wp-content\/uploads\/2023\/09\/IMPL-SECCION_IMPL-copia.jpg\" data-size=\"600x400\" title=\"IMPL SECCI\u00d3N_IMPL copia\" alt=\"\"><\/div> <\/div><\/div> <\/div><\/div><div  data-label=\"Portfolio\" data-id=\"portfolio--1\" data-export-id=\"portfolio-1\" data-category=\"portfolio\" class=\"portfolio-1 content-section content-section-spacing content-relative\" id=\"portfolio-1\" style=\"background-color: rgb(255, 255, 255); background-image: none;\"><div  class=\"section-separator-top\">\n    <svg  xmlns=\"http:\/\/www.w3.org\/2000\/svg\" preserveAspectRatio=\"none\" viewBox=\"0 0 1000 100\" data-separator-name=\"tilt-flipped\" class=\"section-separator-top\">\n  <path  id=\"path2\" d=\"M 1000,0 H 0 v 100 z\" class=\"svg-white-bg\"><\/path>\n<\/svg>\n<\/div><div  class=\"gridContainer\"> <div  class=\"row text-center\"><div  class=\"section-title-col\" data-type=\"column\"> <h2  class=\"\" style=\"border-bottom-color: rgb(24, 180, 143);\"><span  style=\"font-family: &quot;Playfair Display&quot;, arial, helvetica, sans-serif; font-weight: 700;\">Aplicaciones<\/span><\/h2> <p  class=\"lead\">Convierte la<span  style=\"font-family: &quot;Playfair Display&quot;, arial, helvetica, sans-serif; font-weight: 700;\"> tecnolog\u00eda<\/span> en una <span  style=\"font-family: &quot;Playfair Display&quot;, arial, helvetica, sans-serif; font-weight: 700;\">ventaja\n<br ><span  style=\"font-family: &quot;Open Sans&quot;, arial, helvetica, sans-serif; font-weight: 300;\">competitiva<\/span>&nbsp;<\/span>con la ayuda de nuestros <span  style=\"font-family: &quot;Playfair Display&quot;, arial, helvetica, sans-serif; font-weight: 700;\">consultores especializados.<\/span><\/p><\/div> <\/div> <div  data-type=\"row\" class=\"row spaced-cols\" data-fixed=\"true\"> <div  class=\"col-xs-12 col-sm-4\"> <div  class=\"contentswap-effect visible\" data-hover-fx=\"portfolio-1\"> <div  class=\"initial-image\"> <img  decoding=\"async\" data-size=\"500x333\" src=\"https:\/\/www.mxceptec.com\/mxceptec\/wp-content\/uploads\/2023\/09\/ICONO-APP-BCO_ERP.jpg\"><\/div> <div  class=\"overlay\"><\/div> <div  class=\"swap-inner col-xs-12\"> <div  class=\"row full-height-row bottom-xs\"> <div  class=\"col-xs-12 color1 text-center content-holder\"> <h4  class=\"inverted font-500\">ERP<\/h4> <a href=\"https:\/\/www.mxceptec.com\/mxceptec\/erp\" class=\"inverted italic p small\" target=\"lightbox\" data-cp-link=\"1\" rel=\"noopener\">Saber m\u00e1s<\/a><\/div> <\/div><\/div> <\/div><\/div>  <div  class=\"col-xs-12 col-sm-4\"><div  class=\"contentswap-effect visible\" data-hover-fx=\"portfolio-1\"> <div  class=\"initial-image\"> <img  decoding=\"async\" data-size=\"500x333\" src=\"https:\/\/www.mxceptec.com\/mxceptec\/wp-content\/uploads\/2023\/09\/ICONO-APP-BCO_EPM.jpg\"><\/div> <div  class=\"overlay\"><\/div> <div  class=\"swap-inner col-xs-12\"> <div  class=\"row full-height-row bottom-xs\"> <div  class=\"col-xs-12 color1 text-center content-holder\"> <h4  class=\"inverted font-500\">EPM<\/h4> <a href=\"https:\/\/www.mxceptec.com\/mxceptec\/epm\" class=\"inverted italic p small\" target=\"lightbox\" data-cp-link=\"1\" rel=\"noopener\">Saber m\u00e1s<\/a><\/div> <\/div><\/div> <\/div><\/div> <div  class=\"col-xs-12 col-sm-4\"><div  class=\"contentswap-effect visible\" data-hover-fx=\"portfolio-1\"> <div  class=\"initial-image\"> <img  decoding=\"async\" data-size=\"500x333\" src=\"https:\/\/www.mxceptec.com\/mxceptec\/wp-content\/uploads\/2023\/09\/ICONO-APP-BCO_HCM.jpg\"><\/div> <div  class=\"overlay\"><\/div> <div  class=\"swap-inner col-xs-12\"> <div  class=\"row full-height-row bottom-xs\"> <div  class=\"col-xs-12 color1 text-center content-holder\"> <h4  class=\"inverted font-500\">HCM<\/h4> <a href=\"https:\/\/www.mxceptec.com\/mxceptec\/hcm\" class=\"inverted italic p small\" target=\"lightbox\" data-cp-link=\"1\" rel=\"noopener\">Saber m\u00e1s<\/a><\/div> <\/div><\/div> <\/div><\/div> <div  class=\"col-xs-12 col-sm-4\"><div  class=\"contentswap-effect visible\" data-hover-fx=\"portfolio-1\"> <div  class=\"initial-image\"> <img  decoding=\"async\" data-size=\"500x333\" src=\"https:\/\/www.mxceptec.com\/mxceptec\/wp-content\/uploads\/2023\/09\/ICONO-APP-BCO_CX.jpg\"><\/div> <div  class=\"overlay\"><\/div> <div  class=\"swap-inner col-xs-12\"> <div  class=\"row full-height-row bottom-xs\"> <div  class=\"col-xs-12 color1 text-center content-holder\"> <h4  class=\"inverted font-500\">CX<\/h4> <a href=\"https:\/\/www.mxceptec.com\/mxceptec\/cx\" class=\"inverted italic p small\" target=\"lightbox\" data-cp-link=\"1\" rel=\"noopener\">Saber m\u00e1s<\/a><\/div> <\/div><\/div> <\/div><\/div> <div  class=\"col-xs-12 col-sm-4\"><div  class=\"contentswap-effect visible\" data-hover-fx=\"portfolio-1\"> <div  class=\"initial-image\"> <img  decoding=\"async\" data-size=\"500x333\" src=\"https:\/\/www.mxceptec.com\/mxceptec\/wp-content\/uploads\/2023\/09\/ICONO-APP-BCO_SCM.jpg\"><\/div> <div  class=\"overlay\"><\/div> <div  class=\"swap-inner col-xs-12\"> <div  class=\"row full-height-row bottom-xs\"> <div  class=\"col-xs-12 color1 text-center content-holder\"> <h4  class=\"inverted font-500\">SCM<\/h4> <a href=\"https:\/\/www.mxceptec.com\/mxceptec\/scm\" class=\"inverted italic p small\" target=\"lightbox\" data-cp-link=\"1\" rel=\"noopener\">Saber m\u00e1s<\/a><\/div> <\/div><\/div> <\/div><\/div> <\/div><\/div> <\/div>","protected":false},"excerpt":{"rendered":"<p>Asegura el \u00e9xito de tu proyecto con nuestras implementaciones tecnol\u00f3gicas con certificaci\u00f3n Oracle Partner. Nuestro equipo de expertos est\u00e1 a tu disposici\u00f3n para mejorar tus procesos y llevar a tu empresa al siguiente nivel. CONTACTA A UN AGENTE Aplicaciones Convierte la tecnolog\u00eda en una ventaja competitiva&nbsp;con la ayuda de nuestros consultores especializados. ERP Saber m\u00e1s&hellip; <br \/> <a class=\"read-more\" href=\"https:\/\/www.mxceptec.com\/mxceptec\/implementaciones-tecnologicas\/\">Read more<\/a><\/p>\n","protected":false},"author":1,"featured_media":0,"parent":0,"menu_order":0,"comment_status":"closed","ping_status":"closed","template":"pro\/page-templates\/full-width-page.php","meta":{"_joinchat":[],"footnotes":""},"class_list":["post-30","page","type-page","status-publish","hentry"],"_links":{"self":[{"href":"https:\/\/www.mxceptec.com\/mxceptec\/wp-json\/wp\/v2\/pages\/30","targetHints":{"allow":["GET"]}}],"collection":[{"href":"https:\/\/www.mxceptec.com\/mxceptec\/wp-json\/wp\/v2\/pages"}],"about":[{"href":"https:\/\/www.mxceptec.com\/mxceptec\/wp-json\/wp\/v2\/types\/page"}],"author":[{"embeddable":true,"href":"https:\/\/www.mxceptec.com\/mxceptec\/wp-json\/wp\/v2\/users\/1"}],"replies":[{"embeddable":true,"href":"https:\/\/www.mxceptec.com\/mxceptec\/wp-json\/wp\/v2\/comments?post=30"}],"version-history":[{"count":56,"href":"https:\/\/www.mxceptec.com\/mxceptec\/wp-json\/wp\/v2\/pages\/30\/revisions"}],"predecessor-version":[{"id":940,"href":"https:\/\/www.mxceptec.com\/mxceptec\/wp-json\/wp\/v2\/pages\/30\/revisions\/940"}],"wp:attachment":[{"href":"https:\/\/www.mxceptec.com\/mxceptec\/wp-json\/wp\/v2\/media?parent=30"}],"curies":[{"name":"wp","href":"https:\/\/api.w.org\/{rel}","templated":true}]}}