{"id":20,"date":"2023-05-23T13:53:12","date_gmt":"2023-05-23T19:53:12","guid":{"rendered":"https:\/\/www.mxceptec.com\/mxceptec\/?page_id=20"},"modified":"2025-03-18T13:41:43","modified_gmt":"2025-03-18T19:41:43","slug":"quienes-somos","status":"publish","type":"page","link":"https:\/\/www.mxceptec.com\/mxceptec\/quienes-somos\/","title":{"rendered":"\u00bfQuienes somos?"},"content":{"rendered":"<div  data-label=\"About\" data-id=\"about--1\" data-export-id=\"about-9\" data-category=\"about\" class=\"about-9 content-section content-section-spacing content-relative\" id=\"about-1\" style=\"background-color: rgb(255, 255, 255); background-image: url(&quot;https:\/\/www.mxceptec.com\/mxceptec\/wp-content\/uploads\/2023\/08\/CEPTEC-SLIDER-HOME-04-verde-04.jpg&quot;); background-size: cover; background-position: center top;\"><div  class=\"section-separator-top\">\n    <svg  xmlns=\"http:\/\/www.w3.org\/2000\/svg\" viewBox=\"0 0 1000 100\" preserveAspectRatio=\"none\" data-separator-name=\"tilt\" class=\"section-separator-top\">\n\t<path  class=\"svg-white-bg\" d=\"M-0 0L1000 0 1000 100z\"><\/path>\n<\/svg>\n<\/div><div  class=\"gridContainer\"><div  data-section-title-area=\"true\" class=\"row text-center\">   <div  class=\"section-title-col\" data-type=\"column\">       <h2  class=\"\" style=\"border-bottom-color: rgb(24, 180, 143);\"><span  id=\"_mce_caret\" data-mce-bogus=\"1\" data-mce-type=\"format-caret\"><span  style=\"font-family: &quot;Playfair Display&quot;, arial, helvetica, sans-serif; font-weight: 700; color: rgb(246, 251, 249);\">\ufeffCEPTEC<\/span><\/span><\/h2>       <p  class=\"lead\"><span  style=\"color: rgb(252, 253, 255); font-weight: 600;\">Consultores Especializados en Plataformas Tecnl\u00f3gicas Empresariales<\/span><\/p>   <\/div><\/div> <div  class=\"row middle-sm text-center\"><div  class=\"col-sm-5 space-bottom-xs content-column content-center-sm\" data-type=\"column\">   <p  class=\"\" style=\"text-align: left;\"><span  style=\"font-weight: 400; color: rgb(0, 0, 0);\"><span  style=\"font-weight: 600;\"><\/span><\/span><\/p> <p  class=\"\" style=\"text-align: justify;\"><span  style=\"color: rgb(252, 253, 255); font-weight: 300;\">Somos una consultor\u00eda especializada en <span  style=\"font-family: &quot;Playfair Display&quot;, arial, helvetica, sans-serif; font-weight: 700;\">soluciones tecnol\u00f3gicas<\/span> con sede en la <span  style=\"font-family: &quot;Playfair Display&quot;, arial, helvetica, sans-serif; font-weight: 700;\">Ciudad de M\u00e9xico<\/span>, hemos <span  id=\"_mce_caret\" data-mce-bogus=\"1\" data-mce-type=\"format-caret\"><span  style=\"color: rgb(24, 180, 143);\">\ufeff<\/span><\/span>estado transformando negocios durante <span  style=\"font-family: &quot;Playfair Display&quot;, arial, helvetica, sans-serif; font-weight: 700;\">m\u00e1s de 3 a\u00f1os<\/span> y estamos emocionados por lo que <span  style=\"font-family: &quot;Playfair Display&quot;, arial, helvetica, sans-serif; font-weight: 700;\">depara el futuro.<\/span><\/span><\/p><p  class=\"\" style=\"text-align: justify;\"><span  style=\"color: rgb(252, 253, 255); font-family: &quot;Open Sans&quot;, arial, helvetica, sans-serif; font-weight: 300;\">Nuestro equipo est\u00e1 compuesto por<span  style=\"font-family: &quot;Playfair Display&quot;, arial, helvetica, sans-serif; font-weight: 700;\"> m\u00e1s de 50 profesionales<\/span> altamente especializados en <span  style=\"font-family: &quot;Playfair Display&quot;, arial, helvetica, sans-serif; font-weight: 700;\">implementaci\u00f3n, desarrollo de software y soporte.\n<\/span><br ><br > Lo que nos distingue es nuestro enfoque en soluciones<span  style=\"font-family: &quot;Playfair Display&quot;, arial, helvetica, sans-serif; font-weight: 700;\">&nbsp; Oracle Fusion ERP Cloud.<\/span><\/span><\/p><\/div> <div  class=\"col-sm-7 flexbox flexbox middle-xs center-xs space-bottom-xs\"><div  class=\"overlay-box flexbox middle-xs center-xs overlay-holder \"> <div  class=\"overlay-box-offset offset-background shadow-medium bg-color2\"><\/div> <a  data-cp-link=\"1\" href=\"https:\/\/www.mxceptec.com\/mxceptec\/quienes-somos\" target=\"_self\" rel=\"noopener\"><img  decoding=\"async\" class=\"flexbox shadow-large img1\" src=\"\" data-size=\"600x400\" title=\"ILUSTRACIONES SECCIONES SITIO_QUIENES SOMOS\" alt=\"\"><\/a><\/div> <\/div><\/div> <\/div><div  class=\"section-separator-bottom\">\n    <svg  xmlns=\"http:\/\/www.w3.org\/2000\/svg\" viewBox=\"0 0 1000 100\" preserveAspectRatio=\"none\" data-separator-name=\"waves\" class=\"section-separator-bottom\">\n\t<path  class=\"svg-white-bg\" d=\"M421.9,6.5c22.6-2.5,51.5,0.4,75.5,5.3c23.6,4.9,70.9,23.5,100.5,35.7c75.8,32.2,133.7,44.5,192.6,49.7\n\tc23.6,2.1,48.7,3.5,103.4-2.5c54.7-6,106.2-25.6,106.2-25.6V0H0v30.3c0,0,72,32.6,158.4,30.5c39.2-0.7,92.8-6.7,134-22.4\n\tc21.2-8.1,52.2-18.2,79.7-24.2C399.3,7.9,411.6,7.5,421.9,6.5z\"><\/path>\n<\/svg>\n<\/div><\/div><div  data-label=\"Testimonials\" data-id=\"testimonials--1\" data-export-id=\"testimonials-1\" data-category=\"testimonials\" class=\"testimonials-1 content-section content-section-spacing\" id=\"testimonials-1\" style=\"background-color: rgb(255, 255, 255); background-image: none;\"><div  class=\"gridContainer\"> <div  class=\"row\"><div  data-type=\"column\" class=\"section-title-col\"> <h2  class=\"\" style=\"border-bottom-color: rgb(24, 180, 143);\"><font  face=\"Open Sans, arial, helvetica, sans-serif\"><span  style=\"font-family: &quot;Playfair Display&quot;, arial, helvetica, sans-serif; font-weight: 700;\">Partner<\/span><\/font><\/h2> <\/div> <\/div> <div  class=\"row spaced-cols content-center-sm center-sm\" data-type=\"row\">    <div  class=\"col-xs-12 col-sm-6 col-md-4\">    <p  class=\"\" style=\"text-align: justify;\"><span  style=\"color: rgb(52, 58, 64); font-family: &quot;Open Sans&quot;, arial, helvetica, sans-serif;\">Al contar con la certificaci\u00f3n como <span  style=\"font-family: &quot;Playfair Display&quot;, arial, helvetica, sans-serif; font-weight: 700;\">Oracle Partner, CEPTEC<\/span> ofrece a nuestros clientes las <span  style=\"font-family: &quot;Playfair Display&quot;, arial, helvetica, sans-serif; font-weight: 700;\">mejores soluciones y servicios<\/span> respaldados por la innovaci\u00f3n y la <span  style=\"font-family: &quot;Playfair Display&quot;, arial, helvetica, sans-serif; font-weight: 700;\">experiencia de Oracle, <span  style=\"font-family: &quot;Open Sans&quot;, arial, helvetica, sans-serif; font-weight: 400;\">brindando a nuestros clientes un <span  style=\"font-family: &quot;Playfair Display&quot;, arial, helvetica, sans-serif; font-weight: 700;\">acceso excepcional<\/span> a las herramientas y servicios l\u00edderes en la industria para <span  style=\"font-family: &quot;Playfair Display&quot;, arial, helvetica, sans-serif; font-weight: 700;\">impulsar su \u00e9xito empresarial.<\/span><\/span><\/span><\/span><span  style=\"font-family: arial, helvetica, sans-serif; background-color: rgb(255, 255, 255); font-weight: 400; color: rgb(0, 0, 0);\"><\/span><\/p><a  data-cp-link=\"1\" href=\"https:\/\/www.mxceptec.com\/mxceptec\/wp-content\/uploads\/2023\/11\/CERTIFICADO-ORACLE-2023-01.jpg\" class=\"\" target=\"lightbox\" rel=\"noopener\"><img  decoding=\"async\" class=\"custom-image\" src=\"https:\/\/www.mxceptec.com\/mxceptec\/wp-content\/uploads\/2023\/09\/CERTIFICADO-CEPTEC-02-1.jpg\" title=\"logo oracle_Mesa de trabajo 1\" alt=\"\"><\/a> <\/div><\/div><\/div> <\/div>","protected":false},"excerpt":{"rendered":"<p>\ufeffCEPTEC Consultores Especializados en Plataformas Tecnl\u00f3gicas Empresariales Somos una consultor\u00eda especializada en soluciones tecnol\u00f3gicas con sede en la Ciudad de M\u00e9xico, hemos \ufeffestado transformando negocios durante m\u00e1s de 3 a\u00f1os y estamos emocionados por lo que depara el futuro.Nuestro equipo est\u00e1 compuesto por m\u00e1s de 50 profesionales altamente especializados en implementaci\u00f3n, desarrollo de software y&hellip; <br \/> <a class=\"read-more\" href=\"https:\/\/www.mxceptec.com\/mxceptec\/quienes-somos\/\">Read more<\/a><\/p>\n","protected":false},"author":1,"featured_media":0,"parent":0,"menu_order":0,"comment_status":"closed","ping_status":"closed","template":"pro\/page-templates\/full-width-page.php","meta":{"_joinchat":[],"footnotes":""},"class_list":["post-20","page","type-page","status-publish","hentry"],"_links":{"self":[{"href":"https:\/\/www.mxceptec.com\/mxceptec\/wp-json\/wp\/v2\/pages\/20","targetHints":{"allow":["GET"]}}],"collection":[{"href":"https:\/\/www.mxceptec.com\/mxceptec\/wp-json\/wp\/v2\/pages"}],"about":[{"href":"https:\/\/www.mxceptec.com\/mxceptec\/wp-json\/wp\/v2\/types\/page"}],"author":[{"embeddable":true,"href":"https:\/\/www.mxceptec.com\/mxceptec\/wp-json\/wp\/v2\/users\/1"}],"replies":[{"embeddable":true,"href":"https:\/\/www.mxceptec.com\/mxceptec\/wp-json\/wp\/v2\/comments?post=20"}],"version-history":[{"count":49,"href":"https:\/\/www.mxceptec.com\/mxceptec\/wp-json\/wp\/v2\/pages\/20\/revisions"}],"predecessor-version":[{"id":1117,"href":"https:\/\/www.mxceptec.com\/mxceptec\/wp-json\/wp\/v2\/pages\/20\/revisions\/1117"}],"wp:attachment":[{"href":"https:\/\/www.mxceptec.com\/mxceptec\/wp-json\/wp\/v2\/media?parent=20"}],"curies":[{"name":"wp","href":"https:\/\/api.w.org\/{rel}","templated":true}]}}